= 3*g - 1 + 2 - 4*g. Let o be p(1). Suppose -3*f - 5*m = -9, 2*f - 6 = -o*f - 4*m. Calculate the highest common divisor of f and 1.
1
Suppose 4*i - 7*i + 39 = 0. What is the highest common divisor of i and 299?
13
Let m(q) = -36*q + 3. Let y be m(-2). Suppose y = 6*d + 9. What is the highest common factor of 121 and d?
11
Let f(y) = y**3 - 11*y**2 - 9*y + 25. Let p be f(12). Let a = -50 + p. Calculate the greatest common divisor of 88 and a.
11
Let x(s) = 5*s - 6. Let y be x(4). Let r be 10/45 - (-349916)/18. Let q be (r/56)/10 + (-4)/(-14). What is the greatest common divisor of y and q?
7
Let l = -47 + 45. Let k be 1 + l - (-69 + -2). Suppose -3*c + 0*c + 2*s + 19 = 0, c + 3*s = 10. Calculate the greatest common divisor of c and k.
7
Let s = -166 + 326. Let n = 244 - s. What is the greatest common factor of n and 126?
42
Suppose 4*u + 16 = 0, 3*v + 5 + 0 = -5*u. What is the highest common factor of 525 and v?
5
Let w(j) = 12*j - 1. Suppose -5*g + 20 - 5 = 0. Let y be w(g). Calculate the greatest common divisor of y and 315.
35
Let v = 16 - 16. Suppose 4*a + 5*l + 466 = v, 2*a + 268 = 3*l + 24. Let t = -23 - a. What is the greatest common factor of 24 and t?
24
Suppose 170 = 2*f - p - 4*p, f - 3*p - 85 = 0. Calculate the greatest common divisor of 119 and f.
17
Let z = -226 + 281. Calculate the greatest common divisor of z and 20.
5
Suppose 0 = -5*n - 25, -2*m = -n - 3 - 4. Calculate the greatest common factor of m and 7.
1
Let d be 145 + ((-45)/(-12) - (-27)/(-36)). What is the greatest common divisor of 370 and d?
74
Let o = 369 + -217. What is the highest common divisor of o and 16?
8
Let g = -265 - -297. Calculate the greatest common factor of 40 and g.
8
Let a = 705 + -480. Calculate the greatest common divisor of 30 and a.
15
Suppose -20 = -4*o, -27*o + 31*o + 34 = w. Calculate the highest common factor of w and 12.
6
Suppose 0 = 5*i + 2*i - 49. Let j be 3/15*69 + (-5)/(-25). Calculate the highest common factor of i and j.
7
Let s = 379 + -207. Calculate the highest common divisor of 129 and s.
43
Let w be (1 - 2) + 6 + 3. Let c(o) = -o**2 + 8*o + 4. Let k be c(8). Suppose k*l = -22 + 150. Calculate the highest common divisor of w and l.
8
Suppose 235*f - 1720 = 231*f. What is the greatest common divisor of f and 10?
10
Suppose -h = -4*o + 10, 2*h + 115 = -2*h + o. Let v = h - -78. Suppose 32 = 5*a + 3*g - g, a - 3*g = 3. Calculate the greatest common factor of a and v.
6
Suppose -13*n = 4*n - 51. Calculate the greatest common factor of 7 and n.
1
Let h(p) = -2*p. Let k be h(2). Let i be (-75)/(-10)*k/(-10). Let l be 4/16 + 35/4. What is the highest common divisor of l and i?
3
Let t be -2 + 2*(10 - -2). Let w = -246 - -268. What is the greatest common divisor of w and t?
22
Let d = -14336 - -5390. Let q be d/(-98) - 2/7. Calculate the greatest common factor of 13 and q.
13
Let h(o) = o**3 - 17*o**2 - 2*o - 6. Let r be h(9). Let c be (7 + -8)/(1346/r + 2). Calculate the greatest common factor of 42 and c.
42
Suppose -2*n + 6 = 3*g - 1, 3*n = 4*g + 2. Suppose 4897 = 296*h + 161. Calculate the greatest common divisor of h and g.
1
Let z = -43 - -45. Suppose z*b - 120 = -b. Calculate the highest common factor of 120 and b.
40
Let m be (448/(-48))/(-1 - (-136)/138). Calculate the highest common factor of 7 and m.
7
Let f(c) = -2*c**2 - 2*c + 2. Let a be f(0). Let i be -22 + (1 - (-2 + a)). Let m be (18 + i)/((-6)/80). What is the highest common divisor of 60 and m?
20
Suppose 4*k - 3*u = 3083 - 677, -4*k = 5*u - 2390. Suppose 0 = 5*b + 10*b - k. Calculate the greatest common factor of b and 12.
4
Suppose -h - t + 23 = 9, -2*h + t = -37. Calculate the highest common factor of 969 and h.
17
Suppose -4*j + 6*j + 1765 = 5*c, -1384 = -4*c - 4*j. What is the highest common divisor of c and 13?
13
Suppose -540 = -16*s + 740. Calculate the highest common factor of s and 176.
16
Let p(a) = 6*a**2 - 3*a + 3. Let r be p(2). Let t be (-36)/10 + r/35 + 26. Calculate the greatest common divisor of t and 23.
23
Let y = 11 + -9. Suppose y*l = 2*c + 484, -l + 4*l - 725 = 4*c. Suppose -5*g = -l + 33. What is the highest common divisor of g and 28?
14
Let m(n) = -44*n**3 - 3*n**2 - 4*n - 1. Let k be m(-1). Calculate the greatest common divisor of 44 and k.
44
Suppose -327 = 17*s - 5172. Calculate the greatest common factor of s and 30.
15
Suppose 149 - 119 = v. Suppose 0 = 4*c - 2*c - 100. What is the greatest common factor of v and c?
10
Suppose 272 = y - 4*a, 2*y + 5*a = 3*y - 270. Calculate the highest common divisor of 10 and y.
10
Let z be (-17)/5 + (-10)/(-25). Let q = z + 9. Suppose 57 = 4*m + 5*t, -20 = -5*m + q*t - 2*t. What is the highest common divisor of 8 and m?
8
Suppose 5*x = 13*x - 2464. Suppose 0 = 55*u - 57*u + x. What is the highest common divisor of u and 14?
14
Suppose 78*o = 75*o + 300. What is the greatest common divisor of 75 and o?
25
Let o be -3*(-5 - -4) + 545 + 7. What is the highest common factor of o and 15?
15
Let x = 113 - 92. Suppose x*t - 16*t = 110. What is the greatest common factor of t and 11?
11
Suppose -r + s + 20 = 0, -2*r - s = -3 - 22. Suppose r*u - 3451 = -2*u. What is the highest common divisor of u and 7?
7
Suppose -3*r - 4*y = -69, 0 = 4*r + 2*y - 7*y - 123. What is the highest common factor of r and 72?
9
Let l(x) = -9*x + 14. Let s be l(5). Let m = -23 - s. Suppose n - g = 25, -n + 10 + 9 = 5*g. What is the greatest common factor of m and n?
8
Let r = -195 - -594. Calculate the highest common factor of r and 21.
21
Suppose -6 = n + 5*m, -6*m = 2*n - m + 2. Let k = 49 + -26. Suppose 0 = -n*b + 13 + k. What is the greatest common divisor of 63 and b?
9
Let b be (100/(-30) + 6)*15*(-2)/(-8). Let z = 32 - 22. What is the greatest common factor of z and b?
10
Let u be 2 + 20 + (4 - 2). Let n = 15 + 33. What is the greatest common factor of u and n?
24
Let d = -427 - -784. Calculate the greatest common factor of 102 and d.
51
Let p = -1259 + 1367. Calculate the highest common factor of p and 126.
18
Let h be (30/(-24)*-31)/((-5)/(-8)). What is the highest common factor of h and 62?
62
Suppose -8*d = -111 - 57. Suppose d - 37 = -8*m. What is the highest common divisor of m and 16?
2
Let u(n) be the first derivative of 13*n**3/3 + 2*n + 19. Let j be u(-1). Suppose 0 = -2*c + 3*c - 45. What is the greatest common factor of c and j?
15
Suppose u = -0*u + 2. Let h be 42/18 - u/6. Suppose 82 = h*n - 2. Calculate the greatest common factor of 6 and n.
6
Let x be (12*(-6)/54)/((-4)/1026). What is the greatest common divisor of x and 19?
19
Let p = 144 - 74. Let n be ((-6)/(-2))/(12/136). Let j = p - n. Calculate the greatest common divisor of 12 and j.
12
Suppose 0 = -194*z + 181*z + 507. What is the highest common divisor of z and 91?
13
Suppose -32 = -2*p + 2*a, -2*p + 4*a + 75 = 3*p. Suppose -16*w + 275 = -p*w. What is the greatest common factor of w and 5?
5
Let x(w) = -3*w - 38. Let k be x(8). Let u be ((-3)/2)/(65/k - -1). Calculate the highest common divisor of u and 31.
31
Suppose -s + 5 - 2 = 0. Let w be 4 + 29 + s + 0. Calculate the highest common divisor of w and 9.
9
Suppose 0 = -4*i + l - 139, -4*i + 2*l - 150 = -16. Let q be i/(-4)*2/2. Suppose 3 = 5*t + 18, 27 = j - 3*t. What is the greatest common factor of j and q?
9
Let w be -3 - -1 - 0 - -4. Let g(l) = 4*l**2 - 2*l**2 - l**3 - 5*l + 3*l**2 - 5 + 2*l**w. Let q be g(5). Calculate the highest common divisor of 10 and q.
10
Let p(c) = -16*c + 276. Let m be p(15). Calculate the highest common divisor of 192 and m.
12
Let q(i) = 107*i - 80. Let b be q(5). What is the greatest common factor of 182 and b?
91
Suppose l + 3*i + 13 = 81, -2*i = 3*l - 225. What is the highest common factor of l and 99?
11
Suppose -7*i = i - 40. Suppose 0 = 3*h - 4*j - 121, -5*h - i*j + 0*j + 155 = 0. Calculate the highest common divisor of 7 and h.
7
Let c = -12 + 27. Suppose 5*n - c = -0. Suppose o = n*o - 24. Calculate the greatest common divisor of 6 and o.
6
Let u = -89 + -71. Let n = 0 + u. Let z = n - -236. Calculate the greatest common divisor of z and 19.
19
Let s = -46 - -48. Suppose -v - t = -25, s*v + 5*t - 97 = -2*v. What is the highest common divisor of 224 and v?
28
Let r(j) = -10*j - 55. Let a be r(-16). Calculate the highest common factor of a and 140.
35
Let w = 